{"id":296,"date":"2021-01-26T16:05:11","date_gmt":"2021-01-26T16:05:11","guid":{"rendered":"https:\/\/wsg-zauckerode.de\/wordpress\/?page_id=296"},"modified":"2021-06-02T19:15:39","modified_gmt":"2021-06-02T19:15:39","slug":"aerobic-zugriff","status":"publish","type":"page","link":"https:\/\/wsg-zauckerode.de\/wordpress\/?page_id=296","title":{"rendered":"Historie"},"content":{"rendered":"\t\t<div data-elementor-type=\"wp-page\" data-elementor-id=\"296\" class=\"elementor elementor-296\">\n\t\t\t\t\t\t<section class=\"elementor-section elementor-top-section elementor-element elementor-element-9450ddb elementor-section-boxed elementor-section-height-default elementor-section-height-default\" data-id=\"9450ddb\" data-element_type=\"section\" data-e-type=\"section\">\n\t\t\t\t\t\t<div class=\"elementor-container elementor-column-gap-default\">\n\t\t\t\t\t<div class=\"elementor-column elementor-col-100 elementor-top-column elementor-element elementor-element-572ba75\" data-id=\"572ba75\" data-element_type=\"column\" data-e-type=\"column\">\n\t\t\t<div class=\"elementor-widget-wrap elementor-element-populated\">\n\t\t\t\t\t\t<div class=\"elementor-element elementor-element-3392867 elementor-widget elementor-widget-nav-menu\" data-id=\"3392867\" data-element_type=\"widget\" data-e-type=\"widget\" data-widget_type=\"nav-menu.default\">\n\t\t\t\t<div class=\"elementor-widget-container\">\n\t\t\t\t\t \t\t\t\t<\/div>\n\t\t\t\t<\/div>\n\t\t\t\t\t<\/div>\n\t\t<\/div>\n\t\t\t\t\t<\/div>\n\t\t<\/section>\n\t\t\t\t<section class=\"elementor-section elementor-top-section elementor-element elementor-element-13e3ecb elementor-section-boxed elementor-section-height-default elementor-section-height-default\" data-id=\"13e3ecb\" data-element_type=\"section\" data-e-type=\"section\">\n\t\t\t\t\t\t<div class=\"elementor-container elementor-column-gap-default\">\n\t\t\t\t\t<div class=\"elementor-column elementor-col-100 elementor-top-column elementor-element elementor-element-3be8575\" data-id=\"3be8575\" data-element_type=\"column\" data-e-type=\"column\">\n\t\t\t<div class=\"elementor-widget-wrap elementor-element-populated\">\n\t\t\t\t\t\t<div class=\"elementor-element elementor-element-6337452 elementor-widget elementor-widget-text-editor\" data-id=\"6337452\" data-element_type=\"widget\" data-e-type=\"widget\" data-widget_type=\"text-editor.default\">\n\t\t\t\t<div class=\"elementor-widget-container\">\n\t\t\t\t\t\t\t\t\t<table border=\"0\" width=\"100%\">\n    <tr>\n        <td align=\"center\"><font size=\"5\" face=\"Comic Sans MS\"><em>Historischer\n        Abriss der Abteilung Aerobic der WSG Zauckerode<\/em><\/font><p><font size=\"3\"><em>Die zu DDR-Zeiten bestehende Sektion\n        Popgymnastik bei der BSG Motor Freital wechselte 1990 zur\n        WSG Zauckerode. Das war gleichzeitig die Geburtsstunde\n        der heutigen Abteilung Aerobic. Die Leitung \u00fcbernahm als\n        lizenzierte \u00dcbungsleiterin Stefanie Lochmann. Sie\n        begleitet diese Funktion, bei regelm\u00e4\u00dfiger\n        Weiterbildung, ohne Unterbrechung bis zur Gegenwart.\n        Gleichzeitig fungiert als Abteilungsleiterin.\n        Unterst\u00fctzt wurde Stefanie Lochmann in der Vergangenheit\n        hin und wieder durch Gisela Kaiser. W\u00e4hrend sich in den\n        Anfangsjahren ein regelrechter Teilnahmeboom entwickelte\n        und die Halle proppevoll war, pegelte sich die Zahl der\n        Sportlerinnen auf eine stabile Gr\u00f6\u00dfe von etwa 60 bis 70\n        ein. Sicherlich sorgten auch die wie Pilze aus der Erde\n        schie\u00dfenden Fitnesszenter f\u00fcr einige Abg\u00e4nge.\n        Gegenw\u00e4rtig besteht die Abteilung aus einem festen Stamm\n        von Frauen unterschiedlicher Altersgruppen, die schon\n        seit vielen Jahren mit Begeisterung einmal in der Woche\n        dabei sind und bei intensiver sportlicher Bewegung so\n        manchen Schwei\u00dftropfen verlieren.<\/em><\/font><\/p>\n        <\/td>\n    <\/tr>\n<\/table>\t\t\t\t\t\t\t\t<\/div>\n\t\t\t\t<\/div>\n\t\t\t\t\t<\/div>\n\t\t<\/div>\n\t\t\t\t\t<\/div>\n\t\t<\/section>\n\t\t\t\t<\/div>\n\t\t","protected":false},"excerpt":{"rendered":"<p>Historischer Abriss der Abteilung Aerobic der WSG ZauckerodeDie zu DDR-Zeiten bestehende Sektion Popgymnastik bei der BSG Motor Freital wechselte 1990 zur WSG Zauckerode. Das war gleichzeitig die Geburtsstunde der heutigen Abteilung Aerobic. Die Leitung \u00fcbernahm als lizenzierte \u00dcbungsleiterin Stefanie Lochmann. Sie begleitet diese Funktion, bei regelm\u00e4\u00dfiger Weiterbildung, ohne Unterbrechung bis zur Gegenwart. Gleichzeitig fungiert&#8230;<\/p>\n<p class=\"read-more\"><a class=\"btn btn-default\" href=\"https:\/\/wsg-zauckerode.de\/wordpress\/?page_id=296\">Weiterlesen<span class=\"screen-reader-text\"> Weiterlesen<\/span><\/a><\/p>\n","protected":false},"author":3,"featured_media":0,"parent":2,"menu_order":0,"comment_status":"closed","ping_status":"closed","template":"","meta":{"footnotes":""},"class_list":["post-296","page","type-page","status-publish","hentry"],"_links":{"self":[{"href":"https:\/\/wsg-zauckerode.de\/wordpress\/index.php?rest_route=\/wp\/v2\/pages\/296","targetHints":{"allow":["GET"]}}],"collection":[{"href":"https:\/\/wsg-zauckerode.de\/wordpress\/index.php?rest_route=\/wp\/v2\/pages"}],"about":[{"href":"https:\/\/wsg-zauckerode.de\/wordpress\/index.php?rest_route=\/wp\/v2\/types\/page"}],"author":[{"embeddable":true,"href":"https:\/\/wsg-zauckerode.de\/wordpress\/index.php?rest_route=\/wp\/v2\/users\/3"}],"replies":[{"embeddable":true,"href":"https:\/\/wsg-zauckerode.de\/wordpress\/index.php?rest_route=%2Fwp%2Fv2%2Fcomments&post=296"}],"version-history":[{"count":17,"href":"https:\/\/wsg-zauckerode.de\/wordpress\/index.php?rest_route=\/wp\/v2\/pages\/296\/revisions"}],"predecessor-version":[{"id":589,"href":"https:\/\/wsg-zauckerode.de\/wordpress\/index.php?rest_route=\/wp\/v2\/pages\/296\/revisions\/589"}],"up":[{"embeddable":true,"href":"https:\/\/wsg-zauckerode.de\/wordpress\/index.php?rest_route=\/wp\/v2\/pages\/2"}],"wp:attachment":[{"href":"https:\/\/wsg-zauckerode.de\/wordpress\/index.php?rest_route=%2Fwp%2Fv2%2Fmedia&parent=296"}],"curies":[{"name":"wp","href":"https:\/\/api.w.org\/{rel}","templated":true}]}}