{"id":102,"date":"2021-01-23T20:21:28","date_gmt":"2021-01-23T20:21:28","guid":{"rendered":"https:\/\/wsg-zauckerode.de\/wordpress\/?page_id=102"},"modified":"2024-11-13T10:26:41","modified_gmt":"2024-11-13T10:26:41","slug":"gymnastik","status":"publish","type":"page","link":"https:\/\/wsg-zauckerode.de\/wordpress\/?page_id=102","title":{"rendered":"Gymnastik"},"content":{"rendered":"\t\t<div data-elementor-type=\"wp-page\" data-elementor-id=\"102\" class=\"elementor elementor-102\">\n\t\t\t\t\t\t<section class=\"elementor-section elementor-top-section elementor-element elementor-element-2fe462ea elementor-section-boxed elementor-section-height-default elementor-section-height-default\" data-id=\"2fe462ea\" data-element_type=\"section\" data-e-type=\"section\">\n\t\t\t\t\t\t<div class=\"elementor-container elementor-column-gap-default\">\n\t\t\t\t\t<div class=\"elementor-column elementor-col-100 elementor-top-column elementor-element elementor-element-71a48590\" data-id=\"71a48590\" data-element_type=\"column\" data-e-type=\"column\">\n\t\t\t<div class=\"elementor-widget-wrap elementor-element-populated\">\n\t\t\t\t\t\t<div class=\"elementor-element elementor-element-757e025 elementor-widget elementor-widget-nav-menu\" data-id=\"757e025\" data-element_type=\"widget\" data-e-type=\"widget\" data-widget_type=\"nav-menu.default\">\n\t\t\t\t<div class=\"elementor-widget-container\">\n\t\t\t\t\t \t\t\t\t<\/div>\n\t\t\t\t<\/div>\n\t\t\t\t<div class=\"elementor-element elementor-element-18cd1ccb elementor-drop-cap-yes elementor-drop-cap-view-default elementor-widget elementor-widget-text-editor\" data-id=\"18cd1ccb\" data-element_type=\"widget\" data-e-type=\"widget\" data-settings=\"{&quot;drop_cap&quot;:&quot;yes&quot;}\" data-widget_type=\"text-editor.default\">\n\t\t\t\t<div class=\"elementor-widget-container\">\n\t\t\t\t\t\t\t\t\t<table style=\"text-align: left; font-family: Verdana; height: 974px;\" border=\"0\" width=\"100%\" cellspacing=\"0\" cellpadding=\"2\"><tbody><tr><td colspan=\"3\"><strong>Abteilung<br \/>Gymnastik<\/strong><\/td><\/tr><tr><td colspan=\"3\"><p><strong>Bewegung ist Leben!<\/strong><\/p><p>An alle Sportinteressierten egal ob m\u00e4nnlich, weiblich oder divers, aller Altersgruppen und solche die etwas f\u00fcr ihre Gesundheit tun oder die einfach Freude an der Bewegung haben, k\u00f6nnen sich bei uns melden.<\/p><p>Beschreibung:<\/p><ul><li>Gesundheitsorientiertes Muskelaufbautraining<\/li><li>Gutes f\u00fcr den R\u00fccken<\/li><li>Wirbels\u00e4ulengymnastik<\/li><li>Stretching<\/li><li>Faszien Training<\/li><li>Funktionsgymnastik Kompakt<\/li><\/ul><hr \/><\/td><\/tr><tr><td colspan=\"3\"><strong>Abteilungsleiterin<\/strong><\/td><\/tr><tr><td colspan=\"3\">Ilona B\u00e4r<\/td><\/tr><tr><td>Moritz-Fernbacher-Str.1f<\/td><td>Telefon:<\/td><td>0157-83273820<\/td><\/tr><tr><td>01705 Freital<\/td><td>E-Mail:<\/td><td><a href=\"mailto:gymnastic@wsg-zauckerode.de\">gymnastic@wsg-zauckerode.de<\/a><\/td><\/tr><tr><td colspan=\"3\">\u00a0<\/td><\/tr><tr><td colspan=\"3\"><hr \/><\/td><\/tr><\/tbody><\/table><table width=\"100%\"><tbody><tr><td>Training<\/td><td colspan=\"3\"><p>Turnhalle<\/p><p>Gl\u00fcckauf-Grundschule<br \/>Str. der Stahlwerker<br \/>01705 Freital<\/p><\/td><\/tr><tr><td>Wochentag<\/td><td>Uhrzeit<\/td><td>\u00dcbungsleiter<\/td><td>Telefon<\/td><\/tr><tr><td>Montag<\/td><td>18:30-20:00 Uhr<\/td><td>Fr. Karin Urban<\/td><td>0351-6414917<\/td><\/tr><tr><td>Mittwoch<\/td><td>18.30-20:00 Uhr<\/td><td>Fr. Ilona B\u00e4r<\/td><td>0157-83273820<\/td><\/tr><\/tbody><\/table><hr \/><table width=\"100%\"><tbody><tr><td>Foto&#8217;s<\/td><td>\u00a0<\/td><td>\u00a0<\/td><\/tr><tr><td>Gymnastik-Gruppe Montag<\/td><td style=\"vertical-align: top;\">\u00a0<\/td><td><div style=\"text-align: center;\"><img decoding=\"async\" class=\"alignnone wp-image-107\" src=\"https:\/\/wsg-zauckerode.de\/wordpress\/wp-content\/uploads\/2021\/01\/wsgz_gym_mo_klein.gif\" alt=\"\" width=\"90\" height=\"90\" \/><\/div><\/td><\/tr><tr><td style=\"vertical-align: middle;\">Gymnastik-Gruppe Mittwoch<\/td><td>\u00a0<\/td><td><img decoding=\"async\" class=\"alignnone wp-image-106\" src=\"https:\/\/wsg-zauckerode.de\/wordpress\/wp-content\/uploads\/2021\/01\/wsgz_gym_mi_klein-276x300.gif\" alt=\"\" width=\"90\" height=\"98\" srcset=\"https:\/\/wsg-zauckerode.de\/wordpress\/wp-content\/uploads\/2021\/01\/wsgz_gym_mi_klein-276x300.gif 276w, https:\/\/wsg-zauckerode.de\/wordpress\/wp-content\/uploads\/2021\/01\/wsgz_gym_mi_klein-248x270.gif 248w\" sizes=\"(max-width: 90px) 100vw, 90px\" \/><\/td><\/tr><tr><td colspan=\"3\">Vertretungen: \u00dcL Petra Doberstein, Christa Zimmermann und alle vorher geannten \u00dcL<\/td><\/tr><\/tbody><\/table>\t\t\t\t\t\t\t\t<\/div>\n\t\t\t\t<\/div>\n\t\t\t\t\t<\/div>\n\t\t<\/div>\n\t\t\t\t\t<\/div>\n\t\t<\/section>\n\t\t\t\t<\/div>\n\t\t","protected":false},"excerpt":{"rendered":"<p>AbteilungGymnastik Bewegung ist Leben! An alle Sportinteressierten egal ob m\u00e4nnlich, weiblich oder divers, aller Altersgruppen und solche die etwas f\u00fcr ihre Gesundheit tun oder die einfach Freude an der Bewegung haben, k\u00f6nnen sich bei uns melden. Beschreibung: Gesundheitsorientiertes Muskelaufbautraining Gutes f\u00fcr den R\u00fccken Wirbels\u00e4ulengymnastik Stretching Faszien Training Funktionsgymnastik Kompakt Abteilungsleiterin Ilona B\u00e4r Moritz-Fernbacher-Str.1f Telefon:&#8230;<\/p>\n<p class=\"read-more\"><a class=\"btn btn-default\" href=\"https:\/\/wsg-zauckerode.de\/wordpress\/?page_id=102\">Weiterlesen<span class=\"screen-reader-text\"> Weiterlesen<\/span><\/a><\/p>\n","protected":false},"author":1,"featured_media":0,"parent":0,"menu_order":0,"comment_status":"closed","ping_status":"closed","template":"","meta":{"footnotes":""},"class_list":["post-102","page","type-page","status-publish","hentry"],"_links":{"self":[{"href":"https:\/\/wsg-zauckerode.de\/wordpress\/index.php?rest_route=\/wp\/v2\/pages\/102","targetHints":{"allow":["GET"]}}],"collection":[{"href":"https:\/\/wsg-zauckerode.de\/wordpress\/index.php?rest_route=\/wp\/v2\/pages"}],"about":[{"href":"https:\/\/wsg-zauckerode.de\/wordpress\/index.php?rest_route=\/wp\/v2\/types\/page"}],"author":[{"embeddable":true,"href":"https:\/\/wsg-zauckerode.de\/wordpress\/index.php?rest_route=\/wp\/v2\/users\/1"}],"replies":[{"embeddable":true,"href":"https:\/\/wsg-zauckerode.de\/wordpress\/index.php?rest_route=%2Fwp%2Fv2%2Fcomments&post=102"}],"version-history":[{"count":44,"href":"https:\/\/wsg-zauckerode.de\/wordpress\/index.php?rest_route=\/wp\/v2\/pages\/102\/revisions"}],"predecessor-version":[{"id":912,"href":"https:\/\/wsg-zauckerode.de\/wordpress\/index.php?rest_route=\/wp\/v2\/pages\/102\/revisions\/912"}],"wp:attachment":[{"href":"https:\/\/wsg-zauckerode.de\/wordpress\/index.php?rest_route=%2Fwp%2Fv2%2Fmedia&parent=102"}],"curies":[{"name":"wp","href":"https:\/\/api.w.org\/{rel}","templated":true}]}}